 What is the units digit of h?
0
Suppose -1043 - 3377 = -5*s. What is the units digit of s?
4
Suppose 9*g - 3*g - 834 = 0. What is the hundreds digit of g?
1
Suppose -40 = -8*g + 24. Let y(x) = -x**2 + 25*x + 19. What is the units digit of y(g)?
5
Let m = 24 - 13. Let q = 20 - m. What is the units digit of q?
9
Let r be 24/15 - (-14)/35. Suppose 0 = r*d - h - 3*h - 162, -2*d = -3*h - 157. What is the units digit of d?
1
Let a(m) = -m - 10. Let l be a(-15). Suppose 0 = l*p - 2*u + 12, -2*p - 5*u + 3 = -p. What is the units digit of p + (12 + -3)/3?
1
Let o be 1/(-3)*(0 + 45)/(-3). Suppose -o*i - 11 = -1, 2*i + 384 = 4*c. What is the tens digit of c?
9
Let o = 586 - 97. What is the hundreds digit of o?
4
Suppose 127 = -9*b + 10729. What is the hundreds digit of b?
1
Suppose 10 = 4*a + 146. Let y(n) = 8*n - 23. Let v be y(14). Let i = v + a. What is the tens digit of i?
5
Suppose -4*t = 330 - 122. Let i = -27 + 124. Let l = t + i. What is the units digit of l?
5
Let z = 1453 + -498. What is the tens digit of z?
5
Suppose 0 = 13*q + 9*q - 48752. What is the units digit of q?
6
Suppose 3*b = 3*w, 4*b - 13 = -5*w + 23. Suppose -3*t + 2*v - 33 = -w*t, 2*v = -2*t + 70. What is the tens digit of t?
3
Let d(z) = z**3 + 7*z**2 - z - 10. Let p be d(-7). Let y be (-2 + 4)*(-2 - p). Suppose -n + 30 = y*n. What is the units digit of n?
0
Let a(p) = -p - 10. Let c be a(-8). Let r = -1 - c. What is the units digit of (-19)/(-1) - (-2)/r?
1
Suppose 0 = 4*o - 0*o + 1432. Let h = -234 - o. Suppose -l - h = -5*l. What is the tens digit of l?
3
Let m(y) = -22*y**3 - 18*y**2 + 8*y - 1. What is the units digit of m(-4)?
7
Suppose -775 = -4*s + 225. What is the hundreds digit of s?
2
Let i(u) = 42*u - 77. What is the tens digit of i(5)?
3
Let l = -1024 + 1498. What is the tens digit of l?
7
Suppose 57765 = 32*g - 29659. What is the thousands digit of g?
2
Let w = -757 + 1060. What is the tens digit of w?
0
Let c = -413 - -459. What is the units digit of c?
6
Let p = 3144 - 1107. What is the hundreds digit of p?
0
Suppose -5*j = -287 - 103. What is the units digit of j?
8
Let m = 106 - 53. Let j = -70 + 37. Let r = j + m. What is the tens digit of r?
2
Suppose 6*x - 210 = 8*x. Let k = x + 183. What is the units digit of k?
8
Suppose 8*c + 1061 = 5989. What is the tens digit of c?
1
Suppose 3*z - 5316 = -4*r + r, 5*z - 8872 = -r. What is the thousands digit of z?
1
Let h(w) = 370*w - 278. What is the hundreds digit of h(5)?
5
Suppose -38 = 4*d - 5*u, -u - 62 = 5*d - 0*u. Let v(t) = t**3 + 12*t**2 - 3*t + 3. What is the tens digit of v(d)?
3
Let n(y) = -2*y**2 - 2*y + 6*y**2 + 2*y + 1 + y. Let f be n(-1). Suppose 2*w - 87 = 3*z, f*w + 31 - 180 = z. What is the tens digit of w?
3
Let o(w) be the third derivative of -145*w**4/24 + 4*w**3/3 + 21*w**2. What is the hundreds digit of o(-1)?
1
Let p(h) = -164*h - 347. What is the hundreds digit of p(-11)?
4
Let a = 62 - -60. Let d = -20 + a. What is the tens digit of d?
0
Suppose -y - y = 4*j + 20, 0 = 2*y + 5*j + 24. What is the tens digit of (-25 - y)/((-8)/24)?
6
Let s = 171 + -83. What is the units digit of s?
8
Let p(r) = 22*r - 16. Let i be p(3). Let u = 72 + i. What is the tens digit of u?
2
Suppose -61 = 5*v + 4*m, -2*v + 4*m + 0 = 2. Let n = v - -9. Suppose -y + 4*u - u + 14 = n, u - 62 = -3*y. What is the units digit of y?
0
Let m be (-6)/4*10 - 1. Let l = -9 - m. What is the tens digit of 7/(l/18) - -1?
1
Let u be (0/(-1))/(-1 + 3). Suppose 5*s + 3*w - 15 = u, -3*s + 4*w = -2 - 36. Suppose s*p - p - 35 = 0. What is the units digit of p?
7
Suppose 4*a = 6*a - 1968. What is the tens digit of a?
8
Let g = 11 + -5. Let a be 16 - (-2)/g*-3. Let k = a + -4. What is the tens digit of k?
1
Let o be 76/(-13) + (-8)/52. Let c(y) = -y**3 - 4*y**2 + 2*y + 5. What is the tens digit of c(o)?
6
Suppose -5*h = -57 + 12. Let n(x) = -x**3 + 11*x**2 - 6*x + 8. What is the hundreds digit of n(h)?
1
Let q(g) = -g**2 + 9*g - 6. Let v be q(8). Let x be 1 + 5*10/25. Suppose v*z - 1 = 5*a - 0, -a + 44 = x*z. What is the units digit of z?
3
Suppose 4*w + 5*u - 413 - 163 = 0, 4*w - 576 = -2*u. What is the units digit of w?
4
Let v be ((-20)/6)/(4/(-6)). Suppose -x - v*x = -186. Suppose x = 5*q - 169. What is the units digit of q?
0
Let m be 2470/(-6) - 3 - 5/(-3). Let x = m - -678. What is the hundreds digit of x?
2
Suppose 5*x = 7*x + k - 4109, k = -4*x + 8217. What is the tens digit of x?
5
Let o(w) = -w**2 - 10*w - 10. Let q = -17 + 13. Let u(h) = -h - 12. Let g be u(q). What is the units digit of o(g)?
6
Suppose 24444 = 286*t - 272*t. What is the units digit of t?
6
Let q be -3 - -2 - (0 - -3 - 5). Let m = 100 - q. What is the units digit of m?
9
Let a be (6 - -8)*(-2)/(-7) + 2. Let r = a + 134. What is the hundreds digit of r?
1
Let c(x) be the second derivative of -5*x**3/3 + 13*x**2/2 + 4*x. Let y be c(-6). Suppose 4*h - 95 - y = 0. What is the units digit of h?
2
Suppose 6921 = -19*q + 41938. What is the tens digit of q?
4
Let l be -12 - -11 - 4/(-1). Suppose -3*j - 2 = -17. Suppose -42 = -2*u + 2*w, j*u + 4*w - 129 = l*w. What is the tens digit of u?
2
Suppose 2*p - 6*p - 4 = 0. Suppose 10*i - 589 + 1099 = 0. What is the units digit of i*(10/(-6) - p)?
4
Let v(x) = -x**3 - x**2 + 34*x - 10. What is the units digit of v(-11)?
6
Let s(r) = r**2 - 4*r - 29. Suppose f = 86 - 77. What is the tens digit of s(f)?
1
Suppose -31 + 19 = -3*j. Suppose 3*b - 2*b + 2*q = -32, -2*q = -j*b - 108. What is the units digit of 2/(-4) - 154/b?
5
Let g = 53 + -49. What is the tens digit of (-3 - (-140)/g) + 4/2?
3
Let k(g) = -14*g**2 + 2*g + 1. Let t be k(-1). Let r = t - -23. What is the units digit of r?
8
Suppose -j = -3*c + 4*c + 17, -3*j = 6. Let v be 1/(-3) + (-10)/6. What is the tens digit of c/30 + (-27)/v?
1
Suppose 0 = 5*h - 0*h - 550. Let r = h - 51. What is the units digit of r?
9
Let x be (-2 - 2/(-2))/((-2)/18). Let u(w) = -w**3 + 12*w**2 - 9*w - 3. What is the hundreds digit of u(x)?
1
Let p = -538 - -2730. What is the hundreds digit of p?
1
Let t be 2 - 0/(9/3). Suppose -4*y + t*y = 2*k - 18, -3*k + 5 = y. Let q = y - 5. What is the units digit of q?
6
Suppose -5*h = -t - 3*t + 2798, 2*h + 2*t + 1130 = 0. What is the units digit of 5/(-25) - h/10?
6
Suppose -134 = -7*m + 83. Suppose -2*z + m = y - 112, 12 = -3*z. Let t = y + -100. What is the units digit of t?
1
Suppose 0 = 4*b + 2*h - 2478, 264 - 885 = -b - 2*h. What is the hundreds digit of b?
6
Suppose 5*j - 414 - 3761 = 0. What is the tens digit of j?
3
Let j(n) = 5*n**2 - 19*n + 72. What is the units digit of j(10)?
2
Suppose -3*v - 45 = 2*v. Let r = 21 + v. Let h = r + 14. What is the units digit of h?
6
Suppose 2*n - 47 + 10 = i, -5*n = -2*i - 90. What is the tens digit of n?
1
Suppose 119 = -5*y + 3*i, y - 5 = -i - 24. Let z = 23 + y. Let v = z + 1. What is the units digit of v?
2
Let o(w) = w**2 + 8*w + 11. Let j = -6 + 1. Let p be o(j). What is the units digit of 20/25*(-50)/p?
0
Let n = -25 + 25. Suppose n = -2*a + 6*a - 20. Suppose -2*d = -4*s + 102, -3*s - a*d + 93 = -d. What is the units digit of s?
7
What is the units digit of (-39)/(((-2)/9)/(5 + -3))?
1
Let z = -21 - -24. Suppose 2*g - z*g + 52 = 0. What is the units digit of g?
2
Suppose -2*b - 5*y + 244 = -72, b - 145 = 4*y. What is the units digit of b?
3
Suppose p - j + 13 = 5, -3*j + 6 = 0. What is the units digit of 21/(-14)*32/p?
8
Let i(w) = -w**3 - 9*w**2 - 11*w + 8. Let j be i(-8). Suppose 3*n + 5*b - 59 = 0, -b + 92 = 4*n + 3*b. Let o = j - n. What is the units digit of o?
4
Suppose 42*f - 55*f = -32734. What is the hundreds digit of f?
5
Let h = 1258 - 675. What is the tens digit of h?
8
Let z = -155 - -53. Let i = -60 - z. Suppose i = 4*x - x. What is the tens digit of x?
1
Let i = 31 + -26. Suppose -2 = -2*w, i*c - w - 309 + 130 = 0. What is the units digit of c?
6
Let o(w) = w + 39. Let v be o(0). Suppose m - v = -0*b - b, 5 = b. Let c = -7 + m. What is the units digit of c?
7
Suppose 3*y - 5*m = -0*m - 125, -m + 121 = -3*y. What is the tens digit of y/(-1)*(-2)/(-4)?
2
Let g(d) = 2*d**2 - 9*d - 2. Let l be g(5). Suppose l*w = u - 116, -3*u = 3*w + 46 - 442. What is the hundreds digit of u?
1
Let c(k) be the second derivative of k**5/20 + 2*k**4/3 + 4*k**3/3 + 6*k**2 - 4*k. What is the units digit of c(